 - 4. Let d(f) = f**2 - 12*f + 2. Let v(c) = r*b(c) + 5*d(c). What are the prime factors of v(7)?
2, 3
Let h(n) = n**3 - 5*n**2 + 7*n - 5. Let z be h(4). Let c(w) = 17*w - 25. List the prime factors of c(z).
2, 47
Let f(v) = -231*v**2 - 18*v - 72. Let a be f(-6). What are the prime factors of (3/(27/15))/((-10)/a)?
2, 3, 5, 23
Suppose 9*z - 59448 = 23284 + 12281. List the prime factors of z.
3, 17, 23
Let i(n) = 1. Let q(x) = -9*x - 24. Let r = 32 + -36. Let v(j) = r*i(j) - q(j). What are the prime factors of v(17)?
173
List the prime factors of 3 + 330/(-100) - (-84233)/10.
8423
Let z = 386 + -455. Let v = z - -223. List the prime factors of v.
2, 7, 11
Suppose 26*x - 1507700 = -24*x. List the prime factors of x.
2, 15077
Let c(k) = -40*k + 6021. List the prime factors of c(0).
3, 223
Suppose 176 + 74 = 25*s. Suppose 27*t - 10331 = s. List the prime factors of t.
383
Suppose x = -x + 60. Suppose -23*f = -20*f - 4*p + 8, -f - 2 = -p. Suppose f = -z - 7 + x. List the prime factors of z.
23
List the prime factors of 7*(-320)/(-60)*5517/6.
2, 7, 613
Suppose -x + 2 = -3, w + 4*x = -11. Let o = -60 - w. Let g = 1 - o. What are the prime factors of g?
2, 3, 5
Let g(i) = 3*i**3 - 15*i**2 - 2*i - 63. Let d be g(8). Let l = d + -377. List the prime factors of l.
2, 3, 5
List the prime factors of (4/6 - 100/15) + (-68 - -56382).
2, 7, 2011
Let a(g) = 50 + 0*g - 2*g - 3*g - 5*g. Let x be 4/18 - (-384)/(-27). List the prime factors of a(x).
2, 5, 19
Let a(x) = 3*x**2 + 93*x - 6. Let o be a(-31). What are the prime factors of (1840/o - -3)/((-31)/93)?
911
What are the prime factors of (239568/20)/6 - (8/20)/1?
2, 499
Let j(m) = 2*m**3 - 10*m**2 - 46*m - 116. List the prime factors of j(20).
2, 2741
Let w = 3574 + -1724. What are the prime factors of w?
2, 5, 37
Let m(h) = -h**3 - 7*h**2 + 7. Let g be (21/12)/((-3)/12). Let b be m(g). Suppose 3*f = 55 - b. List the prime factors of f.
2
Let p(i) = 1166*i - 1590. What are the prime factors of p(12)?
2, 3, 13, 53
Suppose -6*c = -2572 - 9524. Let n = c - 658. List the prime factors of n.
2, 7, 97
What are the prime factors of 4477003/596 + (-5)/(-4)?
11, 683
Let k be 5/4*(-14 + 18). Let b(r) = -4*r + k + 2*r**2 - r**3 + 7*r + r. List the prime factors of b(-4).
5, 17
Suppose -15*v - 131186 = 100*v - 2176691. List the prime factors of v.
3, 7, 11
Let s(p) = 22*p**2 - 5*p - 1. Suppose -3*y - 4*r = -8, 2*r + 2 = 2*y + 3*r. Suppose -5*v + 3*b - 10 = y, 2*v - 5*v - b = 6. List the prime factors of s(v).
97
Let j(p) = 510*p + 2673. What are the prime factors of j(12)?
3, 977
Suppose 25*f = 21*f - 5*g + 122112, 5*f + 3*g = 152614. List the prime factors of f.
2, 15259
Suppose -17*f = 11*f - 38*f. Suppose 137*i - 164*i + 26298 = f. List the prime factors of i.
2, 487
Let j be (70/21 + -4)/(4/2346). Let l = 799 + j. List the prime factors of l.
2, 3, 17
Suppose -87*b - 121317 - 248943 = -98*b. List the prime factors of b.
2, 3, 5, 11, 17
Let c = 21 - -1. Suppose c*m = 26*m - 8. Suppose -205 - 331 = -m*v. List the prime factors of v.
2, 67
Let g = 52590 - -8592. List the prime factors of g.
2, 3, 11, 103
Suppose -2*c = -13*c + 132. Let h(y) = -3*y + 184. What are the prime factors of h(c)?
2, 37
Suppose 0 = -11*q + 7096 + 2595. Suppose -q = 20*j - 4521. What are the prime factors of j?
2, 7, 13
Let s = -1404 + 2274. Suppose -5*c = -34*c + s. What are the prime factors of c?
2, 3, 5
Suppose 0 = 24*r + 1874 + 1246. Let n = r - -241. What are the prime factors of n?
3, 37
Suppose -8 = -276*j + 274*j. Suppose 0 = -5*n + g - 3 + 354, 4*n - 276 = -j*g. What are the prime factors of n?
2, 5, 7
Let l be (0 + -1)/(-2 + 57/29). Let m be ((-12)/8)/(3/(-4)). Suppose -h - m = -l. List the prime factors of h.
3
List the prime factors of ((-1290)/4 + 6)*18*(5 - 6).
3, 211
Suppose -7*t = -t - 1584. Suppose f - 2*d - t = 0, -2*d = 3*f - 2*f - 248. Suppose 2*z = -2*z + f. List the prime factors of z.
2
Let x be (-27)/12*((-9632)/(-12))/(-7). Let j = 719 - x. What are the prime factors of j?
461
Let w(f) = 423*f + 0 - 258*f**3 - 2 - f**2 - 164*f**3 - 426*f. What are the prime factors of w(-1)?
2, 211
Suppose -2*c = -2*a - 90614, 33700 = 2*c + 7*a - 56833. What are the prime factors of c?
2, 11, 29, 71
Suppose -q - 170 = q. Let v = 291 - q. List the prime factors of v.
2, 47
Let o = 35322 + 9941. What are the prime factors of o?
45263
Let m be (1/(-2))/((-11)/22). Suppose -2*f + m = -19. List the prime factors of (135/f)/(2/4).
3
Let m = 18555 + 1640. List the prime factors of m.
5, 7, 577
Let m be (27 + -37)*(-1)/(10/8). Let w = m + -3. Suppose x - 107 = -4*n + n, 0 = -w*x - 2*n + 587. List the prime factors of x.
7, 17
Let i(u) be the first derivative of 73*u**4/4 - u**3 + u**2/2 + u - 3. Let f = 166 + -165. List the prime factors of i(f).
2, 3
Suppose 21*v + 79 - 373 = 0. Suppose -8*d = -v*d + 8052. What are the prime factors of d?
2, 11, 61
Let m(w) = -3*w**2 + 14*w - 65. Let v be m(8). Let n = 508 + v. What are the prime factors of n?
3, 11
Suppose 7*p + 232 = -6. Let k be p/6 - ((-40)/6)/(-5). Let z(x) = x**3 + 7*x**2 - 2*x - 3. What are the prime factors of z(k)?
11
Let m = 782 + -496. Suppose 2*u + 574 + m = 2*z, 5*u = -z + 460. List the prime factors of z.
3, 5, 29
Let s be -2 + 115/20 - (-3)/(-4). What are the prime factors of (-1 - (-191)/s)*33/22?
2, 47
Let k(d) = -7*d**3 - 20*d**2 - 28*d + 38. Let b(y) = -8*y**3 - 20*y**2 - 31*y + 39. Let i(p) = 6*b(p) - 7*k(p). List the prime factors of i(-18).
2, 109
Let w(z) = 8*z**3 - 7*z**2 + 15*z + 201. List the prime factors of w(8).
3, 7
Suppose -423 = -4*l - 103. Suppose -l = 4*x - 1552. List the prime factors of x.
2, 23
Let o(v) be the second derivative of v**6/45 - v**5/24 + 25*v**4/12 + 20*v. Let p(g) be the third derivative of o(g). List the prime factors of p(1).
11
Suppose -63*q + 947995 = -881462. List the prime factors of q.
71, 409
Let c(r) = -539*r + 7. Let a be c(-1). Suppose -a = -9*s + 723. What are the prime factors of s?
3, 47
Let r(b) = -1 - 1 + 118*b**3 + 19958*b**2 - 2*b - 19954*b**2. What are the prime factors of r(1)?
2, 59
Let n(r) = -r**2 + 15*r + 11. Let l be n(15). Suppose l*x - 7*x = -48. Let w(c) = -7*c - 13. List the prime factors of w(x).
71
Let w(i) = 25*i**3 + 2*i**2 - 3*i + 10. Let b = -217 + 220. What are the prime factors of w(b)?
2, 347
Let k(h) = h + 33. Let r be (-10)/4*(2 + -6). Suppose 0 = -2*b - 5*p - r, 5*b - 2 = -0*p + p. What are the prime factors of k(b)?
3, 11
Let a = 10547 - -3118. What are the prime factors of a?
3, 5, 911
Let y = -75 - -93. Suppose -n + 4*q + y = 0, 2*n + 5*q - 30 = -2*n. Suppose 340 = -n*l + 1350. List the prime factors of l.
101
Let p = 146619 + -98306. List the prime factors of p.
48313
List the prime factors of 3295 + (15 - (2 + 5)).
3, 367
Let s(f) = -6*f**2 + 36 + 2*f + 4*f**2 + 7*f**2 + 5*f**3. What are the prime factors of s(6)?
2, 3, 109
Suppose -4620 + 46156 = -16*b. Let j = b + 3645. List the prime factors of j.
1049
Suppose -t - 1 + 14 = 3*v, 25 = -5*t + 3*v. Let b be t/16 - 144/(-128). What are the prime factors of (-518)/10*b*(-15)/3?
7, 37
Let v = -359 - -361. What are the prime factors of (v - 1)*206 - -5?
211
Let p be (-3)/1*2/(-2). Suppose -3*b = -4*a - 299, 2*b + 3*a + 491 = 7*b. List the prime factors of b/4*1 - p/12.
2, 3
Let y = 32 - 62. Let z be (350/y)/(1/(-3)). Suppose -z*h - 260 = -37*h. List the prime factors of h.
2, 5, 13
Suppose 5*m - m = 1464. Let u be m/1 - (-24)/(-6). Suppose 82 = b + 4*y, -6*b = -b - 4*y - u. What are the prime factors of b?
2, 37
Let y = 183 + 17. Let v be (-4)/(-14) - ((-10)/(-35) - 3). Suppose v*w + w = y. What are the prime factors of w?
2, 5
Let c = -3 + 3. Let x be 2*(-27)/12*(-6)/9. Suppose w - 28 = -2*h - w, 3*w - x = c. List the prime factors of h.
13
Suppose -2*z + 4*d + 96 = 8*d, 4*z + 5*d = 180. Let b(w) = 47*w - 345. What are the prime factors of b(z)?
5, 307
Let c = -280 - -282. Suppose s - 5*s = 3*l - 4, -5*l + 14 = 3*s. List the prime factors of l/(0 + c/38).
2, 19
Suppose 572036 = 83*a + 3582 - 14953. List the prime factors of a.
3, 11, 71
Suppose -78*f = -71*f - 385. Suppose -l = -12*l + f. What are the prime factors of l?
5
Suppose 2451012 + 812160 = 118*h. What are the prime factors of h?
2, 3, 11, 419
What are the prime factors of 155348/6*(-24)